s of n(-40).
3, 41
Suppose -1019540 = -33029*z + 33010*z. List the prime factors of z.
2, 5, 2683
Let w = 48 + -43. Suppose 2*g - w*t = 144, 8*g - 202 = 5*g + 4*t. Let a = g + 26. List the prime factors of a.
2, 11
Suppose 3*i - 5*c - 535 = 0, -2*i = -6*i - 3*c + 723. List the prime factors of (i/3)/(-3)*(-3059)/46.
2, 5, 7, 19
Let b be (2212/(-474))/((-635)/633 + 1). Suppose -b = -2*z + 2*j + 3*j, j = -2*z + 1459. List the prime factors of z.
17, 43
Suppose 2*q - 2744 = -c, 2*c = 23*q - 24*q + 1369. Let z = q - 931. List the prime factors of z.
2, 13, 17
Suppose 0 = 3*i + y - 155939 + 25428, 4*y = 2*i - 86984. List the prime factors of i.
2, 21751
Let z(t) = t**3 - 7*t**2 - 5*t - 13. Let q be z(8). Let a = q + -4. Suppose a*c - 44 = 96. List the prime factors of c.
2, 5
Let i = -152 + 148. List the prime factors of ((-3)/2)/((4/i)/460).
2, 3, 5, 23
Let p be ((-34)/(-6) + -4)*(-1 + -2). Let u be -124 + (-25)/p - -5. List the prime factors of 1*(-78)/9*u/4.
13, 19
Let i = -3376 - -6912. List the prime factors of i.
2, 13, 17
Let n be (-30)/(-9)*(-18)/(-12). What are the prime factors of 61*n + (-4)/(2 + 2)?
2, 19
Let p be 167/5 + 26/(-65). Let z = -25 + p. Suppose -z*d = -3*d - 635. List the prime factors of d.
127
Let p(q) = 9341*q + 27. List the prime factors of p(1).
2, 1171
Suppose -5*o = -o - 428. Suppose -2*t + o = 31. Suppose 2*j = t + 272. List the prime factors of j.
5, 31
Let h(v) = -v**3 + 8*v**2 + 5*v - 35. Let a be h(8). List the prime factors of (8 + a/10*-2)*73.
7, 73
Suppose 9*n = 21372 + 45345. What are the prime factors of n?
3, 7, 353
Let k = -627 - -623. Let s(c) = -c + 10. Let b be s(0). What are the prime factors of 5/b*k + 176?
2, 3, 29
Let u = 39021 + -23189. List the prime factors of u.
2, 1979
Let m(l) = -37*l - 13. Let q be m(5). Let s = q + 130. Let y = -20 - s. What are the prime factors of y?
2, 3
Let u = 3529 + -3359. What are the prime factors of u?
2, 5, 17
Let g(u) = u + 44. Let k be g(-24). Let y be 6/((-5)/(k/14) + 2). What are the prime factors of 9445/35 - 2*y/56?
2, 3, 5
Let v be (-2566)/(-10) + 3 - 4/(-10). Let g = 125 + v. List the prime factors of g.
5, 7, 11
Let h(g) = 110*g + 378. Let s(f) = 55*f + 187. Let y(b) = 3*h(b) - 7*s(b). What are the prime factors of y(-19)?
2, 3, 5, 29
Suppose 0 = 13*w - 17*w - 4*p + 12, -7 = -4*w + p. Let l(t) = 108*t + 4. List the prime factors of l(w).
2, 5, 11
Let b = 22 + -13. Suppose 2*f - 228 = -g, -2*g - 4*f = -3*g + 252. List the prime factors of (-6)/b + g/3.
2, 3, 13
Suppose 3*y - 9 = -0*y, y = 2*i - 1. Suppose -3*u + 290 = v, v + i*u = -v + 584. List the prime factors of v.
293
Let y(r) = -r**2 + r. Let c be y(0). Suppose 5*q + 68 - 1368 = c. List the prime factors of q.
2, 5, 13
Suppose 4*a + 24 = 10*a. Suppose 0 = w - 4*g - 57, a*w - 197 = -g - 37. What are the prime factors of w?
41
Suppose 295201 = -176*z + 2303185. List the prime factors of z.
3, 3803
Let l(b) = b**2 + 5*b + 17. Let j be l(-5). Suppose 8027 = j*c + 6*c. List the prime factors of c.
349
Let h(b) = 1609*b**2 + 222*b - 28. List the prime factors of h(4).
2, 3, 739
Let j = 101 + -98. Let a be ((-1)/(-2))/(j - (-668)/(-224)). List the prime factors of ((-864)/(-28))/(4/a).
2, 3
Let x(o) = 11*o**3 - 5*o**2 + 18*o - 62. List the prime factors of x(5).
2, 3, 71
Suppose -3*z + 25175 = -2*i, 41959 = 142*z - 137*z - 4*i. List the prime factors of z.
3, 2797
Let h(d) = d**2 - 11*d - 12. Let s be h(11). Suppose -2*o - 356 + 1716 = 0. List the prime factors of (9/(-6))/(s/o).
5, 17
Let w be 5/(-10) + (-20)/16*186. Let d = w + 401. What are the prime factors of d?
2, 3, 7
Suppose 24 = x - 3*w, 2 = 8*w - 6*w. Let h = x - -714. List the prime factors of h.
3, 13, 19
Let k(j) = 3*j**2 - 15*j - 4. Let t be k(8). Let w = t - -288. Suppose w = 8*i - 20. List the prime factors of i.
47
Suppose 5*n + 2*c + 614 = -195, -n - 151 = 4*c. Let d = 369 + n. Suppose 4*y - 4*h - d - 10 = 0, -224 = -4*y + 2*h. What are the prime factors of y?
2, 29
Let w(k) = -2*k**2 - 6*k + 1. Let m be w(-3). Let z be (m + 7/28)/((-1)/1432). List the prime factors of -1 - (z/30 + (-2)/6).
59
Let p(x) = 50*x - 42. Let g(u) = 7*u - 3. Let t be g(2). What are the prime factors of p(t)?
2, 127
Suppose 324*m + 2310 = 329*m. List the prime factors of m - (84/15 - 3/5).
457
Let x = -76914 - -115141. What are the prime factors of x?
7, 43, 127
Let d = 16 + -13. Let j be (-1 - -2 - 3) + 12/d. Suppose -3*c = -4*g - 296, -2*c - j = -5*g - 204. What are the prime factors of c?
2, 3
List the prime factors of (6 + 516/24)*(-472)/(-10).
2, 11, 59
Let v = 258 - 234. What are the prime factors of (-17 + v)*(-1 - (-1506)/14)?
2, 373
Let w = -4457 - -27755. What are the prime factors of w?
2, 3, 11, 353
Let j(v) = -4*v**3 + 77*v**2 - 43*v - 35. List the prime factors of j(-17).
13, 29, 113
Suppose 5*r + 0*r - 458913 = -16*r. What are the prime factors of r?
13, 41
Suppose 0 = 5*g + 14 - 94. Suppose 0 = -3*l + 12, 0 = 4*v + 4*l - 0*l - g. Suppose v*j = 3*j - 21. List the prime factors of j.
7
Let z(p) = -2*p**3 + 6*p**2 + 3*p - 13. Let x be z(4). Let m(j) = -37*j**3 + j**2 + j + 1. Let n be m(-1). Let b = n - x. What are the prime factors of b?
71
Suppose -5*p - 3498 - 5795 = -2*g, 2*p + 13945 = 3*g. List the prime factors of g.
4649
Let b(h) = -8*h - 264. Let c be b(-36). What are the prime factors of -1767*8/9*c/(-32)?
2, 19, 31
Let b = 1530 + 18354. What are the prime factors of b?
2, 3, 1657
Let y(b) = 25*b**2 + 15*b + 5. Let k be y(-5). List the prime factors of k + 2 - (13 - 8).
2, 3, 23
Let y(m) = 2*m**2 - 7*m + 10. Let n be y(2). Suppose 0 = -5*t - 20, -n*c + 1076 = -4*t - 1400. What are the prime factors of c?
3, 5, 41
Suppose c - 2 = 3*i - 0*c, -10 = 3*i - 5*c. Let u be (i + 1)/((-3)/(-210)). Suppose -348 = -2*v - u. List the prime factors of v.
139
Let q(g) = 6*g**3 - 8*g**2 + 8*g + 5. Let i be q(5). Suppose -12*o + 5*o + i = 0. List the prime factors of o.
5, 17
Suppose 4*s - 131 = -323. What are the prime factors of ((-381)/2)/(4*6/s)?
3, 127
Let a(o) = -27*o. Let r be (((-66)/4)/3)/((-44)/(-176)). List the prime factors of a(r).
2, 3, 11
Suppose -5*j + 20 = -p, -8 = p + 16*j - 15*j. List the prime factors of 1202 + p + -10*(-1)/2.
3, 7, 19
Suppose 0 = -5*m - 4*i + 30064, -2*i + 6008 = -14*m + 15*m. What are the prime factors of m?
2, 47
Let d(k) = -k**2 + 2*k + 1. Let t be d(2). Let g be 115 - -5 - (t - 4). Suppose 0 = 7*y + g - 417. What are the prime factors of y?
2, 3, 7
Suppose -227*a + 42834 = -216*a. List the prime factors of a.
2, 3, 11, 59
Let t = -694 - -1076. Let p = t - -19. What are the prime factors of p?
401
Let l be 357/9*(-13 - -16). Suppose 120*x = l*x + 1111. List the prime factors of x.
11, 101
Let v be (3 - (0 + -4955))/2. Suppose -1899 = 5*y - v. List the prime factors of y.
2, 29
Suppose -4*c + 165 = -c. Suppose 5*a = f - 20, -a - a + c = f. Suppose -3*j = -u + 1, -2*u - u - 5*j = -f. List the prime factors of u.
2, 5
Suppose 5*i + 0 = 5. Let m(s) = 5*s. Let w be m(i). Suppose 10*f + 60 = 5*p + w*f, 5*p = f + 68. List the prime factors of p.
2, 7
What are the prime factors of (((-13224)/18)/(-4))/(((-2)/(-42))/1)?
7, 19, 29
Suppose -17*j = -21*j + 32. List the prime factors of 2/j + (0 - (-8315)/20).
2, 13
What are the prime factors of 31812/(-9 - -11) + -2?
2, 7, 71
Suppose -3*q = -3*c + 51339, 159*c - 155*c - 3*q - 68446 = 0. What are the prime factors of c?
17107
Let z(u) = 15*u - 1. Let v(o) = 14*o - 1. Let a(j) = 4*v(j) - 3*z(j). Let w(f) = f. Let x(s) = a(s) - w(s). What are the prime factors of x(12)?
7, 17
Suppose 1459998 = 79*x - 22*x. What are the prime factors of x?
2, 3, 1423
Suppose -336377 = -32*y + 24807. List the prime factors of y.
11287
Suppose 5*p - 5 = 0, -48354 = -2*k + 3*p - 11485. What are the prime factors of k?
2, 11, 419
Let j(v) = -v**2 + 4*v. Let o be j(3). Let b(f) = -14 + 3*f + 7*f - 80*f**o + 39*f**3 - 16*f**2 + 42*f**3. What are the prime factors of b(16)?
2, 73
Let t(b) be the first derivative of 6 + 183/2*b**2 + b. List the prime factors of t(1).
2, 23
Let q be ((-4968)/(-30) - -12)*(-40)/(-6). Suppose q = 5*s + 2*b, -b = -5*s + 2*s + 706. List the prime factors of s.
2, 59
What are the prime factors of (-1)/(-4) + 5*454115/100?
2, 11353
Let q = 28 + -23. Suppose 5*d - 1 = x, -5 = 3*d